{"id":889,"date":"2019-05-20T09:20:45","date_gmt":"2019-05-20T09:20:45","guid":{"rendered":"http:\/\/www.brda.it\/?page_id=889"},"modified":"2022-04-12T08:47:50","modified_gmt":"2022-04-12T08:47:50","slug":"arteculinaria","status":"publish","type":"page","link":"https:\/\/www.brda.it\/index.php\/arteculinaria\/","title":{"rendered":"L&#8217;arte culinaria e il vino di Brda\u2026 una vera festa per i sensi"},"content":{"rendered":"<p>[vc_row gap=&#8221;&#8221; css=&#8221;.vc_custom_1554977190647{padding-top: 0px !important;padding-bottom: 60px !important;}&#8221;][vc_column][vc_single_image image=&#8221;1009&#8243; img_size=&#8221;medium&#8221;][vc_empty_space height=&#8221;50px&#8221;]<div class=\"vino-angled-heading angled-background id_169f2f58a35dd81880782742 text-center  \"><h1>L'arte culinaria e il vino nel Collio sloveno\u2026 una vera festa per i sensi<span><\/span><\/h1><\/div><div class=\"custom-styles\" data-styles=\".id_169f2f58a35dd81880782742.angled-background> * span { background-color: ; }\"><\/div><div class=\"vino-angled-heading angled-background id_169f2f58a35e431994686073 text-center  no-stile-ultimo-paragrafo\"><h5>\u200eIl patrimonio di intrecci delle specialit\u00e0 culinarie dei tre mondi, attraverso i secoli, si \u00e8 riunito in un'armonia di sapori, che solo a Brda potete assaporare insieme nello stesso piatto. La nostra cucina \u00e8 leggera, mediterranea e stagionale. In primavera non mancheranno sul piatto germogli selvatici e affettati freschi, d'estate piatti con ciliegie, fichi e lavanda, in autunno con uva, funghi, zucca e castagne. Prendiamo spunto dalla tradizione delle nostre nonne e vi aggiungiamo approcci freschi e innovativi.<\/h5><\/div><\/p>\n<p>Oltre all'originalit\u00e0 culinaria c'\u00e8 anche la tradizione vitivinicola e la dedizione alla terra, che nelle terrazze caratteristiche di Brda fa nascere straordinari vini, che in bocca lasciano una melodia, giocata dalla terra di Brda, dal sole, dalle viti e dall'amorevolezza dei contadini. Tutto ci\u00f2 lo riconoscono anche valutatori internazionali rinomati e riconosciuti, che ai vini di Brda, in particolare all'autoctona rebula, attribuiscono eccellenza ed altissima qualit\u00e0.<\/p>\n<p>La CNN colloca Brda tra le 10 grandi regioni vinicole nel mondo ancora da scoprire.<br \/>\nI nostri produttori di vino si collocano fra i TOP 100 migliori vini del mondo.<\/p>\n<p>Niente di strano quindi se il territorio di Brda nel 2015 \u00e8 stato scelto come destinazione europea d'eccellenza in ambito enogastronomico.<\/p>\n<p>Desiderate portare i vostri sensi ad un'avventura culinaria?<\/p>\n<p>Scoprite i casolari aperti, dove potrete dedicarvi ai vini e all'arte culinaria di Brda senza prenotazione.<span><\/span><div class=\"custom-styles\" data-styles=\".id_169f2f58a35e431994686073.angled-background> * span { background-color: ; }\"><\/div>[vc_btn title=&#8221;Contattaci&#8221; style=&#8221;classic&#8221; shape=&#8221;square&#8221; color=&#8221;success&#8221; align=&#8221;center&#8221; link=&#8221;url:https%3A%2F%2Fwww.brda.it%2Findex.php%2Fcontact%2F|||&#8221;][\/vc_column][\/vc_row][vc_row full_width=&#8221;stretch_row_content_no_spaces&#8221; gap=&#8221;&#8221;][vc_column]<div class=\"vino-portfolio  id_169f2f58a35f101521382065\" data-header-size=\"3\"><div class=\"vino-portfolio-masonry vino-masonry vino-4-col   animate-text \" data-hover=\"hover2\" data-ppp=\"7\" data-style=\"1\" data-cat=\"80\" data-ismasonry=\"1\" data-imgbg=\"1\" data-layout=\"custom_masonry\" data-custom-layout=\"4,1,1,2,2,1,1\" data-open=\"lightbox\" data-aostype=\"fade-down\"><div class=\"grid-sizer\"><\/div><div class=\"gutter-sizer\"><\/div><article class=\"w2-h2 cat-80 \"><div class=\"vino-portfolio-item text-on-hover hover2 open-lightbox\" data-aos=\"fade-down\" data-aos-delay=\"0\"><a class=\"portfolio-link single-image-lightbox\" href=\"https:\/\/www.brda.it\/wp-content\/uploads\/2019\/06\/DOK-2020-280-of-616_low.jpg\" data-size=\"1500x1000\"><\/a><div class=\"image-wrapper\"><div class=\"portfolio-hover-img\"><\/div><span class=\"portfolio-img\" style=\"background-image: url(https:\/\/www.brda.it\/wp-content\/uploads\/2019\/06\/DOK-2020-280-of-616_low-1024x683.jpg)\"><\/span><\/div>\n\t\t<div class=\"portfolio-text\">\n\t\t\t<h3 class=\"portfolio-title\" data-title=\"Cantine aperte\"><span>Cantine aperte<\/span><\/h3>\n\t\t\t<ul class=\"portfolio-category\">\n\t\t\t\t<li><a class=\"vino-hover-text\" href=\"https:\/\/www.brda.it\/index.php\/vino_portfolio_categories\/la-cucina-tipica\/\" title=\"La cucina tipica\">La cucina tipica<\/a><\/li>\n\t\t\t<\/ul>\n\t\t<\/div>\n\t\t\n\t<\/div><\/article><article class=\"w1-h1 cat-80 \"><div class=\"vino-portfolio-item text-on-hover hover2 open-lightbox\" data-aos=\"fade-down\" data-aos-delay=\"50\"><a class=\"portfolio-link single-image-lightbox\" href=\"https:\/\/www.brda.it\/wp-content\/uploads\/2019\/06\/kul07.jpg\" data-size=\"1500x1000\"><\/a><div class=\"image-wrapper\"><div class=\"portfolio-hover-img\"><\/div><span class=\"portfolio-img\" style=\"background-image: url(https:\/\/www.brda.it\/wp-content\/uploads\/2019\/06\/kul07-1024x683.jpg)\"><\/span><\/div>\n\t\t<div class=\"portfolio-text\">\n\t\t\t<h3 class=\"portfolio-title\" data-title=\"I piatti della tradizione\"><span>I piatti della tradizione<\/span><\/h3>\n\t\t\t<ul class=\"portfolio-category\">\n\t\t\t\t<li><a class=\"vino-hover-text\" href=\"https:\/\/www.brda.it\/index.php\/vino_portfolio_categories\/la-cucina-tipica\/\" title=\"La cucina tipica\">La cucina tipica<\/a><\/li>\n\t\t\t<\/ul>\n\t\t<\/div>\n\t\t\n\t<\/div><\/article><article class=\"w1-h1 cat-80 \"><div class=\"vino-portfolio-item text-on-hover hover2 open-lightbox\" data-aos=\"fade-down\" data-aos-delay=\"100\"><a class=\"portfolio-link single-image-lightbox\" href=\"https:\/\/www.brda.it\/wp-content\/uploads\/2019\/06\/frtalja_low.jpg\" data-size=\"1500x998\"><\/a><div class=\"image-wrapper\"><div class=\"portfolio-hover-img\"><\/div><span class=\"portfolio-img\" style=\"background-image: url(https:\/\/www.brda.it\/wp-content\/uploads\/2019\/06\/frtalja_low-1024x681.jpg)\"><\/span><\/div>\n\t\t<div class=\"portfolio-text\">\n\t\t\t<h3 class=\"portfolio-title\" data-title=\"Frittata alle erbe\"><span>Frittata alle erbe<\/span><\/h3>\n\t\t\t<ul class=\"portfolio-category\">\n\t\t\t\t<li><a class=\"vino-hover-text\" href=\"https:\/\/www.brda.it\/index.php\/vino_portfolio_categories\/la-cucina-tipica\/\" title=\"La cucina tipica\">La cucina tipica<\/a><\/li>\n\t\t\t<\/ul>\n\t\t<\/div>\n\t\t\n\t<\/div><\/article><article class=\"w2-h1 cat-80 \"><div class=\"vino-portfolio-item text-on-hover hover2 open-lightbox\" data-aos=\"fade-down\" data-aos-delay=\"150\"><a class=\"portfolio-link single-image-lightbox\" href=\"https:\/\/www.brda.it\/wp-content\/uploads\/2019\/06\/Cherries-from-Brda_low.jpg\" data-size=\"1200x801\"><\/a><div class=\"image-wrapper\"><div class=\"portfolio-hover-img\"><\/div><span class=\"portfolio-img\" style=\"background-image: url(https:\/\/www.brda.it\/wp-content\/uploads\/2019\/06\/Cherries-from-Brda_low-1024x684.jpg)\"><\/span><\/div>\n\t\t<div class=\"portfolio-text\">\n\t\t\t<h3 class=\"portfolio-title\" data-title=\"Ciliegie\"><span>Ciliegie<\/span><\/h3>\n\t\t\t<ul class=\"portfolio-category\">\n\t\t\t\t<li><a class=\"vino-hover-text\" href=\"https:\/\/www.brda.it\/index.php\/vino_portfolio_categories\/la-cucina-tipica\/\" title=\"La cucina tipica\">La cucina tipica<\/a><\/li>\n\t\t\t<\/ul>\n\t\t<\/div>\n\t\t\n\t<\/div><\/article><article class=\"w2-h1 cat-80 \"><div class=\"vino-portfolio-item text-on-hover hover2 open-lightbox\" data-aos=\"fade-down\" data-aos-delay=\"200\"><a class=\"portfolio-link single-image-lightbox\" href=\"https:\/\/www.brda.it\/wp-content\/uploads\/2019\/06\/DOK-2020-455-of-616_low.jpg\" data-size=\"1429x953\"><\/a><div class=\"image-wrapper\"><div class=\"portfolio-hover-img\"><\/div><span class=\"portfolio-img\" style=\"background-image: url(https:\/\/www.brda.it\/wp-content\/uploads\/2019\/06\/DOK-2020-455-of-616_low-1024x683.jpg)\"><\/span><\/div>\n\t\t<div class=\"portfolio-text\">\n\t\t\t<h3 class=\"portfolio-title\" data-title=\"Il taglio del prosciutto\"><span>Il taglio del prosciutto<\/span><\/h3>\n\t\t\t<ul class=\"portfolio-category\">\n\t\t\t\t<li><a class=\"vino-hover-text\" href=\"https:\/\/www.brda.it\/index.php\/vino_portfolio_categories\/la-cucina-tipica\/\" title=\"La cucina tipica\">La cucina tipica<\/a><\/li>\n\t\t\t<\/ul>\n\t\t<\/div>\n\t\t\n\t<\/div><\/article><article class=\"w1-h1 cat-80 \"><div class=\"vino-portfolio-item text-on-hover hover2 open-lightbox\" data-aos=\"fade-down\" data-aos-delay=\"250\"><a class=\"portfolio-link single-image-lightbox\" href=\"https:\/\/www.brda.it\/wp-content\/uploads\/2019\/06\/\u010ce\u0161njeva-marmelada-7-of-7_low.jpg\" data-size=\"1429x952\"><\/a><div class=\"image-wrapper\"><div class=\"portfolio-hover-img\"><\/div><span class=\"portfolio-img\" style=\"background-image: url(https:\/\/www.brda.it\/wp-content\/uploads\/2019\/06\/\u010ce\u0161njeva-marmelada-7-of-7_low-1024x682.jpg)\"><\/span><\/div>\n\t\t<div class=\"portfolio-text\">\n\t\t\t<h3 class=\"portfolio-title\" data-title=\"Marmellata di ciliegie\"><span>Marmellata di ciliegie<\/span><\/h3>\n\t\t\t<ul class=\"portfolio-category\">\n\t\t\t\t<li><a class=\"vino-hover-text\" href=\"https:\/\/www.brda.it\/index.php\/vino_portfolio_categories\/la-cucina-tipica\/\" title=\"La cucina tipica\">La cucina tipica<\/a><\/li>\n\t\t\t<\/ul>\n\t\t<\/div>\n\t\t\n\t<\/div><\/article><article class=\"w1-h1 cat-80 \"><div class=\"vino-portfolio-item text-on-hover hover2 open-lightbox\" data-aos=\"fade-down\" data-aos-delay=\"300\"><a class=\"portfolio-link single-image-lightbox\" href=\"https:\/\/www.brda.it\/wp-content\/uploads\/2019\/06\/kul01.jpg\" data-size=\"750x1000\"><\/a><div class=\"image-wrapper\"><div class=\"portfolio-hover-img\"><\/div><span class=\"portfolio-img\" style=\"background-image: url(https:\/\/www.brda.it\/wp-content\/uploads\/2019\/06\/kul01.jpg)\"><\/span><\/div>\n\t\t<div class=\"portfolio-text\">\n\t\t\t<h3 class=\"portfolio-title\" data-title=\"Degustazione di oli e formaggi\"><span>Degustazione di oli e formaggi<\/span><\/h3>\n\t\t\t<ul class=\"portfolio-category\">\n\t\t\t\t<li><a class=\"vino-hover-text\" href=\"https:\/\/www.brda.it\/index.php\/vino_portfolio_categories\/la-cucina-tipica\/\" title=\"La cucina tipica\">La cucina tipica<\/a><\/li>\n\t\t\t<\/ul>\n\t\t<\/div>\n\t\t\n\t<\/div><\/article><\/div><\/div><div class=\"custom-styles\" data-styles=\".id_169f2f58a35f101521382065 .btn.btn-solid.custom:after { background-color: #bfa149; } .id_169f2f58a35f101521382065 .btn.btn-outline.custom:after { border-color: #bfa149; } .id_169f2f58a35f101521382065 .btn.custom.btn-underline:hover .btn-text:after { border-color:  #bfa149; }\"><\/div><div class=\"custom-styles\" data-styles=\".id_169f2f58a35f101521382065 .vino-portfolio-item .portfolio-text { color:  } .id_169f2f58a35f101521382065 .vino-portfolio-item.text-below.hover3 .image-wrapper:after { background-color: #bfa149} .id_169f2f58a35f101521382065 .vino-portfolio-item.text-on-hover.hover3 .portfolio-text { background-color: ; } .vino-portfolio-item.text-on-hover.hover2 .portfolio-hover-img { background-color:  !important;  }\"><\/div>[\/vc_column][\/vc_row]<\/p>\n","protected":false},"excerpt":{"rendered":"<p>[vc_row gap=&#8221;&#8221; css=&#8221;.vc_custom_1554977190647{padding-top: 0px !important;padding-bottom: 60px !important;}&#8221;][vc_column][vc_single_image image=&#8221;1009&#8243; img_size=&#8221;medium&#8221;][vc_empty_space height=&#8221;50px&#8221;][vc_btn title=&#8221;Contattaci&#8221; style=&#8221;classic&#8221; shape=&#8221;square&#8221; color=&#8221;success&#8221; align=&#8221;center&#8221; link=&#8221;url:https%3A%2F%2Fwww.brda.it%2Findex.php%2Fcontact%2F|||&#8221;][\/vc_column][\/vc_row][vc_row full_width=&#8221;stretch_row_content_no_spaces&#8221; gap=&#8221;&#8221;][vc_column][\/vc_column][\/vc_row]<\/p>\n","protected":false},"author":3,"featured_media":0,"parent":0,"menu_order":0,"comment_status":"closed","ping_status":"closed","template":"","meta":{"_mi_skip_tracking":false},"_links":{"self":[{"href":"https:\/\/www.brda.it\/index.php\/wp-json\/wp\/v2\/pages\/889"}],"collection":[{"href":"https:\/\/www.brda.it\/index.php\/wp-json\/wp\/v2\/pages"}],"about":[{"href":"https:\/\/www.brda.it\/index.php\/wp-json\/wp\/v2\/types\/page"}],"author":[{"embeddable":true,"href":"https:\/\/www.brda.it\/index.php\/wp-json\/wp\/v2\/users\/3"}],"replies":[{"embeddable":true,"href":"https:\/\/www.brda.it\/index.php\/wp-json\/wp\/v2\/comments?post=889"}],"version-history":[{"count":12,"href":"https:\/\/www.brda.it\/index.php\/wp-json\/wp\/v2\/pages\/889\/revisions"}],"predecessor-version":[{"id":1276,"href":"https:\/\/www.brda.it\/index.php\/wp-json\/wp\/v2\/pages\/889\/revisions\/1276"}],"wp:attachment":[{"href":"https:\/\/www.brda.it\/index.php\/wp-json\/wp\/v2\/media?parent=889"}],"curies":[{"name":"wp","href":"https:\/\/api.w.org\/{rel}","templated":true}]}}

<p>[vc_row gap=&#8221;&#8221; css=&#8221;.vc_custom_1554977190647{padding-top: 0px !important;padding-bottom: 60px !important;}&#8221;][vc_column][vc_single_image image=&#8221;1009&#8243; img_size=&#8221;medium&#8221;][vc_empty_space height=&#8221;50px&#8221;]<div class="vino-angled-heading angled-background id_169f2f58a35dd81880782742 text-center  "><h1>L'arte culinaria e il vino nel Collio sloveno… una vera festa per i sensi<span></span></h1></div><div class="custom-styles" data-styles=".id_169f2f58a35dd81880782742.angled-background> * span { background-color: ; }"></div><div class="vino-angled-heading angled-background id_169f2f58a35e431994686073 text-center  no-stile-ultimo-paragrafo"><h5>‎Il patrimonio di intrecci delle specialità culinarie dei tre mondi, attraverso i secoli, si è riunito in un'armonia di sapori, che solo a Brda potete assaporare insieme nello stesso piatto. La nostra cucina è leggera, mediterranea e stagionale. In primavera non mancheranno sul piatto germogli selvatici e affettati freschi, d'estate piatti con ciliegie, fichi e lavanda, in autunno con uva, funghi, zucca e castagne. Prendiamo spunto dalla tradizione delle nostre nonne e vi aggiungiamo approcci freschi e innovativi.</h5></div></p>
<p>Oltre all'originalità culinaria c'è anche la tradizione vitivinicola e la dedizione alla terra, che nelle terrazze caratteristiche di Brda fa nascere straordinari vini, che in bocca lasciano una melodia, giocata dalla terra di Brda, dal sole, dalle viti e dall'amorevolezza dei contadini. Tutto ciò lo riconoscono anche valutatori internazionali rinomati e riconosciuti, che ai vini di Brda, in particolare all'autoctona rebula, attribuiscono eccellenza ed altissima qualità.</p>
<p>La CNN colloca Brda tra le 10 grandi regioni vinicole nel mondo ancora da scoprire.<br />
I nostri produttori di vino si collocano fra i TOP 100 migliori vini del mondo.</p>
<p>Niente di strano quindi se il territorio di Brda nel 2015 è stato scelto come destinazione europea d'eccellenza in ambito enogastronomico.</p>
<p>Desiderate portare i vostri sensi ad un'avventura culinaria?</p>
<p>Scoprite i casolari aperti, dove potrete dedicarvi ai vini e all'arte culinaria di Brda senza prenotazione.<span></span><div class="custom-styles" data-styles=".id_169f2f58a35e431994686073.angled-background> * span { background-color: ; }"></div>[vc_btn title=&#8221;Contattaci&#8221; style=&#8221;classic&#8221; shape=&#8221;square&#8221; color=&#8221;success&#8221; align=&#8221;center&#8221; link=&#8221;url:https%3A%2F%2Fwww.brda.it%2Findex.php%2Fcontact%2F|||&#8221;][/vc_column][/vc_row][vc_row full_width=&#8221;stretch_row_content_no_spaces&#8221; gap=&#8221;&#8221;][vc_column]<div class="vino-portfolio  id_169f2f58a35f101521382065" data-header-size="3"><div class="vino-portfolio-masonry vino-masonry vino-4-col   animate-text " data-hover="hover2" data-ppp="7" data-style="1" data-cat="80" data-ismasonry="1" data-imgbg="1" data-layout="custom_masonry" data-custom-layout="4,1,1,2,2,1,1" data-open="lightbox" data-aostype="fade-down"><div class="grid-sizer"></div><div class="gutter-sizer"></div><article class="w2-h2 cat-80 "><div class="vino-portfolio-item text-on-hover hover2 open-lightbox" data-aos="fade-down" data-aos-delay="0"><a class="portfolio-link single-image-lightbox" href="https://www.brda.it/wp-content/uploads/2019/06/DOK-2020-280-of-616_low.jpg" data-size="1500x1000"></a><div class="image-wrapper"><div class="portfolio-hover-img"></div><span class="portfolio-img" style="background-image: url(https://www.brda.it/wp-content/uploads/2019/06/DOK-2020-280-of-616_low-1024x683.jpg)"></span></div>
		<div class="portfolio-text">
			<h3 class="portfolio-title" data-title="Cantine aperte"><span>Cantine aperte</span></h3>
			<ul class="portfolio-category">
				<li><a class="vino-hover-text" href="https://www.brda.it/index.php/vino_portfolio_categories/la-cucina-tipica/" title="La cucina tipica">La cucina tipica</a></li>
			</ul>
		</div>
		
	</div></article><article class="w1-h1 cat-80 "><div class="vino-portfolio-item text-on-hover hover2 open-lightbox" data-aos="fade-down" data-aos-delay="50"><a class="portfolio-link single-image-lightbox" href="https://www.brda.it/wp-content/uploads/2019/06/kul07.jpg" data-size="1500x1000"></a><div class="image-wrapper"><div class="portfolio-hover-img"></div><span class="portfolio-img" style="background-image: url(https://www.brda.it/wp-content/uploads/2019/06/kul07-1024x683.jpg)"></span></div>
		<div class="portfolio-text">
			<h3 class="portfolio-title" data-title="I piatti della tradizione"><span>I piatti della tradizione</span></h3>
			<ul class="portfolio-category">
				<li><a class="vino-hover-text" href="https://www.brda.it/index.php/vino_portfolio_categories/la-cucina-tipica/" title="La cucina tipica">La cucina tipica</a></li>
			</ul>
		</div>
		
	</div></article><article class="w1-h1 cat-80 "><div class="vino-portfolio-item text-on-hover hover2 open-lightbox" data-aos="fade-down" data-aos-delay="100"><a class="portfolio-link single-image-lightbox" href="https://www.brda.it/wp-content/uploads/2019/06/frtalja_low.jpg" data-size="1500x998"></a><div class="image-wrapper"><div class="portfolio-hover-img"></div><span class="portfolio-img" style="background-image: url(https://www.brda.it/wp-content/uploads/2019/06/frtalja_low-1024x681.jpg)"></span></div>
		<div class="portfolio-text">
			<h3 class="portfolio-title" data-title="Frittata alle erbe"><span>Frittata alle erbe</span></h3>
			<ul class="portfolio-category">
				<li><a class="vino-hover-text" href="https://www.brda.it/index.php/vino_portfolio_categories/la-cucina-tipica/" title="La cucina tipica">La cucina tipica</a></li>
			</ul>
		</div>
		
	</div></article><article class="w2-h1 cat-80 "><div class="vino-portfolio-item text-on-hover hover2 open-lightbox" data-aos="fade-down" data-aos-delay="150"><a class="portfolio-link single-image-lightbox" href="https://www.brda.it/wp-content/uploads/2019/06/Cherries-from-Brda_low.jpg" data-size="1200x801"></a><div class="image-wrapper"><div class="portfolio-hover-img"></div><span class="portfolio-img" style="background-image: url(https://www.brda.it/wp-content/uploads/2019/06/Cherries-from-Brda_low-1024x684.jpg)"></span></div>
		<div class="portfolio-text">
			<h3 class="portfolio-title" data-title="Ciliegie"><span>Ciliegie</span></h3>
			<ul class="portfolio-category">
				<li><a class="vino-hover-text" href="https://www.brda.it/index.php/vino_portfolio_categories/la-cucina-tipica/" title="La cucina tipica">La cucina tipica</a></li>
			</ul>
		</div>
		
	</div></article><article class="w2-h1 cat-80 "><div class="vino-portfolio-item text-on-hover hover2 open-lightbox" data-aos="fade-down" data-aos-delay="200"><a class="portfolio-link single-image-lightbox" href="https://www.brda.it/wp-content/uploads/2019/06/DOK-2020-455-of-616_low.jpg" data-size="1429x953"></a><div class="image-wrapper"><div class="portfolio-hover-img"></div><span class="portfolio-img" style="background-image: url(https://www.brda.it/wp-content/uploads/2019/06/DOK-2020-455-of-616_low-1024x683.jpg)"></span></div>
		<div class="portfolio-text">
			<h3 class="portfolio-title" data-title="Il taglio del prosciutto"><span>Il taglio del prosciutto</span></h3>
			<ul class="portfolio-category">
				<li><a class="vino-hover-text" href="https://www.brda.it/index.php/vino_portfolio_categories/la-cucina-tipica/" title="La cucina tipica">La cucina tipica</a></li>
			</ul>
		</div>
		
	</div></article><article class="w1-h1 cat-80 "><div class="vino-portfolio-item text-on-hover hover2 open-lightbox" data-aos="fade-down" data-aos-delay="250"><a class="portfolio-link single-image-lightbox" href="https://www.brda.it/wp-content/uploads/2019/06/Češnjeva-marmelada-7-of-7_low.jpg" data-size="1429x952"></a><div class="image-wrapper"><div class="portfolio-hover-img"></div><span class="portfolio-img" style="background-image: url(https://www.brda.it/wp-content/uploads/2019/06/Češnjeva-marmelada-7-of-7_low-1024x682.jpg)"></span></div>
		<div class="portfolio-text">
			<h3 class="portfolio-title" data-title="Marmellata di ciliegie"><span>Marmellata di ciliegie</span></h3>
			<ul class="portfolio-category">
				<li><a class="vino-hover-text" href="https://www.brda.it/index.php/vino_portfolio_categories/la-cucina-tipica/" title="La cucina tipica">La cucina tipica</a></li>
			</ul>
		</div>
		
	</div></article><article class="w1-h1 cat-80 "><div class="vino-portfolio-item text-on-hover hover2 open-lightbox" data-aos="fade-down" data-aos-delay="300"><a class="portfolio-link single-image-lightbox" href="https://www.brda.it/wp-content/uploads/2019/06/kul01.jpg" data-size="750x1000"></a><div class="image-wrapper"><div class="portfolio-hover-img"></div><span class="portfolio-img" style="background-image: url(https://www.brda.it/wp-content/uploads/2019/06/kul01.jpg)"></span></div>
		<div class="portfolio-text">
			<h3 class="portfolio-title" data-title="Degustazione di oli e formaggi"><span>Degustazione di oli e formaggi</span></h3>
			<ul class="portfolio-category">
				<li><a class="vino-hover-text" href="https://www.brda.it/index.php/vino_portfolio_categories/la-cucina-tipica/" title="La cucina tipica">La cucina tipica</a></li>
			</ul>
		</div>
		
	</div></article></div></div><div class="custom-styles" data-styles=".id_169f2f58a35f101521382065 .btn.btn-solid.custom:after { background-color: #bfa149; } .id_169f2f58a35f101521382065 .btn.btn-outline.custom:after { border-color: #bfa149; } .id_169f2f58a35f101521382065 .btn.custom.btn-underline:hover .btn-text:after { border-color:  #bfa149; }"></div><div class="custom-styles" data-styles=".id_169f2f58a35f101521382065 .vino-portfolio-item .portfolio-text { color:  } .id_169f2f58a35f101521382065 .vino-portfolio-item.text-below.hover3 .image-wrapper:after { background-color: #bfa149} .id_169f2f58a35f101521382065 .vino-portfolio-item.text-on-hover.hover3 .portfolio-text { background-color: ; } .vino-portfolio-item.text-on-hover.hover2 .portfolio-hover-img { background-color:  !important;  }"></div>[/vc_column][/vc_row]</p>
